))?
-1
What is -10 - -7 - (-3 - -1)?
-1
Evaluate 17 + (3 - 11) - 7.
2
Evaluate -5 + 3 + 7 + -2.
3
What is the value of 30 - 23 - (11 - (-1 - -3))?
-2
What is 1 - (-2 + 2 + -4)?
5
What is (2 - 0) + (11 - 5) + 1?
9
Calculate (15 - 13) + (-2 - (-6 - -2)).
4
Evaluate 0 + -5 + -2 + 15 + -1.
7
Evaluate 1 + (-4 - 1) + (-10 - -9).
-5
(5 - (10 - 12)) + 2
9
What is the value of -1 + 1 + (-24 - -23)?
-1
What is the value of -9 - (5 + -5 + -9 + 2)?
-2
What is (-13 - -3 - -10) + (2 - 5)?
-3
What is -4 + 3 - (-6 + 2 + -2)?
5
-132 - -134 - (12 - 0)
-10
-2 + (-7 - -5) + (-2 - -8)
2
What is (-3 + 3 - 5) + 2?
-3
What is the value of 20 + 2 + -9 - 6?
7
Evaluate (-44 + 44 - (8 + -1)) + 9.
2
What is -10 + (15 - 7) - -3?
1
What is the value of 0 + (2 - -1) - (2 - -1)?
0
3 + (3 - 2) + -6
-2
Evaluate 5 + (13 - 23) + 12.
7
-10 + 2 + 9 - (2 - 8)
7
Calculate -13 + 14 + (0 - 2) + -3.
-4
Calculate 8 - (-1 + 10) - 2.
-3
Evaluate (3 + -8 - -1) + 8.
4
Calculate -4 + 0 + 1 - (4 + -6).
-1
Calculate (3 - -6) + (2 - 6).
5
Calculate -2 + -14 + 22 - (-1 + 0).
7
Evaluate 8 + -11 + 4 - -7.
8
What is the value of 2 + (8 - 12 - (0 - 1))?
-1
What is the value of -1 + 7 + (6 - 18) + 8?
2
3 + 0 - (1 - (8 + -11))
-1
Calculate 5 + 5 + -3 + -7.
0
Calculate (1 - (-6 - -2) - 6) + -1.
-2
4 - (10 - (-12 + 17))
-1
What is the value of -5 + 3 - (-1 + 0)?
-1
Evaluate -2 - (-7 - (-11 + 5 + 1)).
0
What is the value of 2 - 0 - (-1 + 1) - -1?
3
Evaluate -6 - 0 - (-33 + 24).
3
Evaluate (-4 - (8 - 4 - 5)) + 5.
2
(1 - -2) + (3 - 2)
4
Evaluate -7 + (6 + 0 - (-15 + 19)).
-5
-5 - 3 - (3 + -7)
-4
Evaluate 2 + (-10 - -11) + 1 + -5.
-1
Calculate -2 + -1 + 4 - 3.
-2
0 + 2 + -8 + 8
2
What is the value of (-1 - -1) + (7 - 9)?
-2
Calculate 1 + -5 + -1 + 2 + 2.
-1
What is -5 - -1 - (-1 - (-6 + 6))?
-3
Calculate 8 + -7 + -9 - -5.
-3
What is -2 + (30 - 15 - (-1 - -4))?
10
-5 - 0 - (-4 - (-6 + 6))
-1
What is the value of -3 + 13 + -7 + (-2 - -1)?
2
Calculate 9 + 0 - (-5 - (-9 + -1)).
4
What is the value of -9 + (-1 - -3) + (-34 - -38)?
-3
Evaluate -5 - (-4 + (5 - 1)).
-5
What is 1 + 4 + 0 - 6?
-1
What is 3 - 9 - (1 - 10)?
3
What is the value of 7 - (7 + 1) - -2?
1
Calculate (-1 - -13) + -32 + 25.
5
What is 1 + (-4 - -1) + (3 - 0)?
1
What is 2 + -4 + 5 - 1?
2
4 + 0 + -3 + -15 + 10
-4
Evaluate 7 + (3 - (4 - 1)).
7
What is the value of 15 + -8 - (5 - 8)?
10
What is the value of -43 + 33 + (0 - -6) - -4?
0
(19 - 9) + -7 + -1
2
What is the value of -8 + (6 - (-1 - 1))?
0
-1 + -1 - (-10 - (-2 + -2))
4
Calculate -2 + (10 - (4 + 1)).
3
What is 1 + -8 - (-21 + 14)?
0
Calculate -2 - (-7 + 2 + (-3 - -4)).
2
Evaluate 29 - 11 - (-2 - -5) - 5.
10
-2 + (3 - 2) - -2
1
(-4 - 0) + -1 + 6 - -5
6
Calculate -4 + 4 + 4 + 0.
4
(-3 - 0 - (3 - 8)) + 1
3
-4 - (-3 + 0 + 3)
-4
What is the value of 1 + (-2 - 6) + 12?
5
What is -9 - (-11 - -5) - (3 + 1)?
-7
What is (1 - 4) + (3 - 3)?
-3
Evaluate (0 - (2 - 3)) + -1 + 3.
3
What is (2 - (4 + 0)) + (3 - 2)?
-1
Evaluate 5 + (-4 - 6 - -2).
-3
What is -3 - (1 - (9 - 10))?
-5
Evaluate -13 + 10 - (2 + -9).
4
Calculate 5 + (3 - 1) + -6.
1
What is 0 + -4 - -3 - 2?
-3
Calculate 6 + -12 - (7 - 14).
1
Evaluate -4 + 5 + 1 + 2 + -7.
-3
What is the value of 9 + -7 - (3 - (2 - -1))?
2
Calculate 33 - 25 - (2 - -1).
5
What is the value of -3 + (23 - 19) + -1 + -4?
-4
What is the value of -2 - (8 + (-9 - -3))?
-4
What is 3 + 2 + -8 + 1?
-2
Calculate 3 + (10 - (3 + 5 - 4)).
9
What is -2 + -22 + 12 + 4?
-8
Evaluate (-2 - 3) + (6 - -3 - 11).
-7
What is -4 + 6 - -1 - 1?
2
Calculate -14 - (-1 + (-6 - 1)).
-6
Calculate 5 + -1 + 7 - 6.
5
Evaluate 8 - (11 - (-9 - -18)).
6
What is the value of (42 - 40) + 0 + 1 - 4?
-1
What is (2 - 2) + -2 + 6?
4
-8 - (-8 - (-5 - -1))
-4
Evaluate 8 + -9 + (-3 - -7).
3
Evaluate 9 + -26 + 3 - -10.
-4
What is 3 - 7 - (5 - 6)?
-3
What is 4 - ((7 - 1) + -3)?
1
Calculate 6 - (1 - (6 + -8)) - 0.
3
Evaluate (-1 + 6 - 1) + -7.
-3
Calculate 4 + -6 + (-6 + 6 - 3).
-5
Evaluate -3 + 1 + -8 - (-56 + 52).
-6
What is -2 + 8 - (24 - 2) - -7?
-9
Calculate 0 + 6 + 0 + -10.
-4
Evaluate -1 + 1 - (1 + -2 + 11).
-10
Calculate (14 - (0 - -9)) + (-6 - -2).
1
-2 + 1 + 1 + 5 + -2
3
Evaluate (-87 - -79) + 0 + 8 - -6.
6
Calculate 6 - (0 - -2) - 1 - 7.
-4
What is the value of -4 + (-1 - -3) + -1?
-3
Calculate -1 + (-5 - -6) + (-3 - 1).
-4
What is the value of 4 + -9 + 6 - 4?
-3
What is -26 + 13 + (-3 - -6) + 3?
-7
Evaluate 0 + 1 + 5 + -2.
4
What is the value of 0 + (-7 - -13) + 1 + -7?
0
What is (5 - 9 - -12) + -8?
0
8 + (-10 - -2) + 1
1
Evaluate 4 + 3 + (1 - 4) - 1.
3
Evaluate -6 + (-5 - -5) + 5.
-1
What is the value of -1 - 4 - (-2 - (-3 - -4))?
-2
What is -1 - (4 - -5 - 4 - -1)?
-7
What is -3 + -4 + -7 + 11?
-3
Calculate -3 + 5 + 2 + -14 + 17.
7
What is (-27 - -19) + (0 - -5)?
-3
-4 + -2 + (2 - (3 - 5))
-2
Calculate -22 + 16 + 2 + 1 - -10.
7
What is (-2 + -7 - -8) + (2 - -2)?
3
Evaluate -6 - (-19 + 9) - 9.
-5
Calculate 18 - ((2 - -5) + -6 + 7).
10
Calculate 3 + -1 + -2 + 5.
5
Calculate 1 - (2 + (0 - (8 - 3))).
4
-1 + 0 + (16 - (20 - 14))
9
(-3 - 0) + (-4 - -11 - 4)
0
What is (2 - -1) + 1 + (-6 - -2)?
0
15 + -13 - (0 + (-2 - -4))
0
Calculate -26 + (3 - -10) - -7.
-6
What is -2 - (-2 + 0) - -2?
2
Evaluate (-5 - (1 - 2)) + -1.
-5
What is the value of 7 + (-6 + 8 - 4)?
5
What is (-3 - -6 - 3) + -3?
-3
2 + -5 + 6 + 0
3
What is the value of -5 - (-1 - 9) - -1 - 8?
-2
Evaluate 4 + (-4 + 1 - -1).
2
(-10 - (2 - 3)) + (-1 - -4)
-6
What is 28 - 25 - (1 + 8 + -4)?
-2
Calculate 7 - (12 + -13 + (2 - -1)).
5
What is -16 + (14 - 8) - -8?
-2
Calculate (8 - 2) + (-15 + 5 - -6).
2
Evaluate 4 - (5 - -5) - (0 - 2).
-4
-3 + 6 - (3 - 1)
1
Evaluate -4 + (0 - -5) - (3 + -2).
0
Calculate 0 + 0 + 18 + -5 + -8.
5
What is (-7 + 8 + -2 - 3) + -3?
-7
0 + 3 + 2 + -1 - 2
2
-14 + 9 - (-3 - 7 - 1)
6
What is -100 - -104 - (13 + 0)?
-9
Evaluate 5 - (8 - (4 + 6)).
7
What is the value of 2 + -1 + 2 - (-5 - -7)?
1
What is the value of -1 + (-3 - ((1 - 6) + 2))?
-1
Evaluate 0 + (2 - 3) + -3.
-4
Evaluate 2 - (-2 - (-1 + -2)).
1
What is the value of 6 + 0 + 3 + -3 + -1?
5
Evaluate 7 + 1 + -1 + -6 + 5.
6
What is the value of -4 + 12 + -5 + 0?
3
What is -2 - (3 + 0) - (3 - 3)?
-5
Calculate -6 + 1 + (-1 - -3).
-3
What is -3 - (2 - (-4 - -12))?
3
(0 - 2) + (13 - 14)
-3
What is the value of 5 - (0 - 1 - (12 - 19))?
-1
What is the value of -4 - (2 + -1 + -12)?
7
3 + (2 - (1 - 3) - 5)
2
What is the value of 6 - 5 - (-4 + 3 + 1)?
1
What is the value of (-5 - (0 - 5)) + 0?
0
Evaluate -8 - 1 - (-3 - 4).
-2
Evaluate -5 + 3 + -3 - (-4 - -1).
-2
(-3 + 7 - 8) + -4
-8
Calculate 7 - 1 - 3 - 0 - -1.
4
What is (3 - -2) + (-63 - -61)?
3
What is 0 + 8 + -2 + -6?
0
-6 + 2 + 4 + 0
0
1 - 0 - 0 - (-47 - -43)
5
-3 + 1 - (0 + 1 - 2)
-1
3 + (5 - (5 + 1)) + 2
4
What is 7 - (2 + (-7 - -6))?
6
Evaluate 5 + -11 + -7 + 14.
1
What is the value of (-9 - -4) + -2 + 6?
-1
3 - (1 + (4 - 1))
-1
(64 - 65) + -2 + 1
-2
-6 + -9 + 15 - (0 - 4)
4
Calculate 0 - (-8 - (7 - (-4 - -16))).
3
Calculate 5 - (-2 - -1 - (-18 + 13)).
1
What is -9 + -5 + 6 + 3?
-5
What is the value of 1 + (-1 - (-5 - -2)) + 2?
5
What is the value of -11 + (-6 - (-16 - -1))?
-2
2 + (-2 - 0 - 1 - -6)
5
-4 - ((-5 - -1) + -5) - 2
3
What is 9 + -17 + 2 - -9?
3
3 - (-3 + 4 + -3)
5
What is the value of 5 - (-1 + (6 - -4))?
-4
Evaluate 5 - (24 + -22 - (2 - 1)).
4
-16 + 5 + (3 - -4)
-4
What is the value of -19 - -14 - (-1 + 2 + -6)?
0
Calculate -7 - -4 - 3 - -2.
-4
What is the value of -1 + 2 + -3 + -6?
-8
Evaluate -6 + (-10 + 6 - -7).
-3
Calculate -46 + 59 - (-3 - -13).
3
What is 11 + (15 - (-10 - -34))?
2
What is the value of -5 + (-3 - (7 - 9))?
-6
What is (-2 - 4 - (3 + -7)) + 2?
0
0 + 2 - (2 + -5)
5
What is -3 + 5 + 0 + -7?
-5
What is the value of -9 - -1 - (-11 - -2)?
1
What is -5 + (24 - 11) + -2?
6
What is -7 - (-4 - (2 - -2))?
1
Evaluate -12 + 3 + 6 + -2 + 7.
2
Calculate -6 + (-1 - -8) - (2 - 4).
3
Calculate 2 - 14 - (4 + (-13 - -2)).
-5
Calculate -3 - (-3 - -6 - 8).
2
Calculate (-7 - -7) + 0 + 3.
3
Calculate 0 + -2 - (-7 + -3 + 13).
-5
What is -2 + 6 + -2 + 7 + -9?
0
What is the value of -6 + 3 + 0 + (-4 - -8)?
1
2 - (0 + -2 + 3)
1
What is the value of -6 + -2 + 1 - (58 + -60)?
-5
What is 4 - (0 + -4 + 3) - 5?
0
-4 - (12 - 6 - 7)
-3
Calculate -7 + 4 + (8 - 1) - 8.
-4
(0 - 2) + -2 + (3 - 2)
-3
What is 2 + 7 + (5 - 12) + 7?
9
Wh